e number?
True
Is 268543247 a prime number?
False
Is 10628377 a prime number?
True
Is 1258753 a composite number?
False
Is 11093959 a composite number?
True
Is 65718799 composite?
True
Is 44689061 a prime number?
True
Is 2954293 a composite number?
False
Is 2267381 a composite number?
False
Is 568397 a composite number?
True
Is 2591501 composite?
True
Is 242033827 a prime number?
False
Is 1338537 prime?
False
Is 9108631 a prime number?
False
Is 29713081 prime?
False
Is 338801207 prime?
True
Is 94087013 a composite number?
False
Is 971821 composite?
False
Is 1696069 composite?
False
Is 29406803 composite?
True
Is 988177 prime?
False
Is 3076687 a prime number?
False
Is 244298009 a prime number?
True
Is 2375455 composite?
True
Is 10667249 a prime number?
False
Is 145853131 prime?
True
Is 104527 composite?
False
Is 656769 a prime number?
False
Is 188917309 a prime number?
False
Is 24527 composite?
False
Is 179781209 a prime number?
False
Is 63078853 a composite number?
False
Is 81724003 a prime number?
True
Is 151689089 composite?
True
Is 139459973 a prime number?
False
Is 29468897 a prime number?
True
Is 9642287 a prime number?
True
Is 96908983 a composite number?
False
Is 37483 a prime number?
True
Is 908779 a prime number?
False
Is 1101706439 composite?
True
Is 102249286 prime?
False
Is 78654713 composite?
False
Is 298517 prime?
False
Is 3420913 a composite number?
False
Is 1475423 composite?
True
Is 7713181 prime?
False
Is 57535294 a prime number?
False
Is 2860537 prime?
False
Is 6287906 composite?
True
Is 43073851 a composite number?
True
Is 10450147 prime?
True
Is 4229383 composite?
False
Is 387076387 composite?
True
Is 16160419 a composite number?
True
Is 44132969 a composite number?
True
Is 5536079 a composite number?
False
Is 132878611 composite?
True
Is 155177143 composite?
True
Is 7902421 a composite number?
False
Is 9118378 a prime number?
False
Is 2667601 prime?
True
Is 560437 a prime number?
True
Is 3769751 a prime number?
True
Is 224544923 a prime number?
False
Is 2077687 prime?
False
Is 21390427 prime?
True
Is 45400961 prime?
False
Is 3292837 prime?
False
Is 118572131 a prime number?
True
Is 81280874 a prime number?
False
Is 18526261 composite?
True
Is 36309787 prime?
True
Is 194791 prime?
False
Is 5316413 a composite number?
True
Is 3367745 a prime number?
False
Is 895711 composite?
True
Is 3466591 a composite number?
True
Is 408761519 a composite number?
False
Is 1112354 a prime number?
False
Is 399173 composite?
False
Is 584747 a composite number?
True
Is 24673867 composite?
True
Is 423353377 a prime number?
True
Is 515743549 composite?
True
Is 10130821 a composite number?
False
Is 2716157 composite?
False
Is 5210563 a composite number?
False
Is 9833879 a prime number?
False
Is 43279087 a composite number?
True
Is 13794953 prime?
True
Is 151468643 prime?
False
Is 12036529 a composite number?
True
Is 18513953 a composite number?
False
Is 6860803 a prime number?
True
Is 7048969 prime?
False
Is 129097 composite?
False
Is 21935707 composite?
False
Is 17437153 a prime number?
True
Is 3286703 a prime number?
False
Is 255686693 composite?
False
Is 26446103 composite?
False
Is 54550642 a prime number?
False
Is 124494449 prime?
False
Is 7454767 composite?
False
Is 11686137 composite?
True
Is 25604045 a prime number?
False
Is 141679697 composite?
True
Is 27009755 a prime number?
False
Is 67699529 a composite number?
True
Is 11303989 composite?
False
Is 53845817 prime?
False
Is 12098087 prime?
True
Is 25541911 prime?
True
Is 13210409 a prime number?
False
Is 2240827 a prime number?
True
Is 23344823 prime?
True
Is 232675085 prime?
False
Is 153340549 composite?
False
Is 18408007 prime?
False
Is 15238343 a prime number?
False
Is 3360857 a composite number?
False
Is 14604299 composite?
False
Is 804911 a composite number?
True
Is 1363081 a composite number?
False
Is 6353537 composite?
True
Is 712781 a composite number?
False
Is 6733145 a prime number?
False
Is 25230259 a prime number?
False
Is 16219631 prime?
False
Is 38352451 prime?
False
Is 5049511 composite?
False
Is 41895103 a prime number?
False
Is 12518147 composite?
True
Is 6158303 composite?
True
Is 61345703 prime?
False
Is 7982629 prime?
True
Is 9610555 composite?
True
Is 19274007 prime?
False
Is 793963 a composite number?
True
Is 583486 a prime number?
False
Is 646717 a composite number?
True
Is 240555547 prime?
False
Is 292409743 prime?
True
Is 182882937 composite?
True
Is 337020227 prime?
True
Is 13639631 a prime number?
True
Is 26418947 prime?
True
Is 21640153 a composite number?
True
Is 397043749 a composite number?
False
Is 23615029 a prime number?
False
Is 81620871 a composite number?
True
Is 10595155 a prime number?
False
Is 1736342047 a composite number?
True
Is 41946923 a prime number?
True
Is 18742433 prime?
False
Is 2117611 a composite number?
False
Is 11023861 a prime number?
True
Is 10314443 composite?
False
Is 11737321 prime?
False
Is 343878553 composite?
False
Is 4129942 a prime number?
False
Is 17645097 composite?
True
Is 422789 prime?
True
Is 12503131 a composite number?
False
Is 133357 a composite number?
True
Is 16236289 prime?
False
Is 28516289 prime?
False
Is 2308337 prime?
False
Is 9491033 prime?
False
Is 7646547 prime?
False
Is 118645315 prime?
False
Is 6390971 composite?
False
Is 1266102731 prime?
True
Is 389083 a prime number?
True
Is 8962081 a composite number?
False
Is 742504663 composite?
False
Is 449653 composite?
False
Is 45328615 prime?
False
Is 13249331 a composite number?
False
Is 19063523 composite?
True
Is 5246867 composite?
False
Is 6412249 prime?
True
Is 446328029 a prime number?
False
Is 2568541 prime?
True
Is 223699 prime?
False
Is 454109 composite?
False
Is 114774295 composite?
True
Is 15075547 a composite number?
True
Is 17965289 a composite number?
False
Is 761347 composite?
False
Is 61334281 prime?
True
Is 62717 composite?
True
Is 1408415 a composite number?
True
Is 415771 a prime number?
False
Is 22143709 a composite number?
True
Is 309949 a composite number?
True
Is 435634031 composite?
True
Is 194232469 prime?
True
Is 1693249 composite?
False
Is 127014851 prime?
False
Is 424841401 a composite number?
False
Is 1861469 composite?
False
Is 412085029 prime?
False
Is 75326123 a prime number?
True
Is 2091991 a composite number?
True
Is 13076117 a composite number?
False
Is 73957669 prime?
False
Is 659734143 a composite number?
True
Is 25390313 composite?
True
Is 6363671 composite?
False
Is 1751393 prime?
False
Is 170167 a prime number?
True
Is 31061819 a prime number?
True
Is 90313 composite?
False
Is 192989221 composite?
True
Is 97103 composite?
False
Is 15814027 a composite number?
False
Is 53319023 composite?
True
Is 47933 a prime number?
True
Is 5338159 a prime number?
False
Is 82290401 composite?
True
Is 2169197 prime?
False
Is 6211367 a prime number?
True
Is 798373 a prime number?
True
Is 6017001 prime?
False
Is 81131339 a prime number?
True
Is 109565197 a prime number?
False
Is 36370043 a prime number?
False
Is 13613458 composite?
True
Is 84805823 composite?
False
Is 3317987 a composite number?
True
Is 16614589 composite?
False
Is 12521837 a composite number?
False
Is 30395 a prime number?
False
Is 558133 a composite number?
True
Is 2690551 composite?
True
Is 6958469 prime?
False
Is 30230347 composite?
True
Is 11910043 a composite number?
False
Is 838529151 a prime number?
False
Is 1423621 a prime number?
False
Is 391451461 a prime number?
False
Is 3890111 a composite number?
False
Is 65264783 composite?
True
Is 8872991 a composite number?
False
Is 92333377 prime?
False
Is 2886467 a composite number?
False
Is 99405097 composite?
True
Is 7055857 a prime number?
True
Is 123923203 composite?
False
Is 464182099 a composite number?
False
Is 517711 composite?
False
Is 201031861 a composite number?
True
Is 7488137 a prime number?
True
Is 3809459 a prime number?
False
Is 20965067 a prime number?
True
Is 35728559 a composite number?
True
Is 1181699 composite?
False
Is 89932811 a composite number?
False
Is 2118423 composite?
True
Is 2598521 composite?
False
Is 17755391 prime?
True
Is 522295 a prime number?
False
Is 715289 a prime number?
True
Is 1522541 prime?
True
Is 2750739 composite?
True
Is 64813631 a prime number?
True
Is 235159 a composi